alculate the remainder when 3323 is divided by 17.
8
What is the remainder when 9954 is divided by 144?
18
What is the remainder when 31433 is divided by 211?
205
Calculate the remainder when 1123 is divided by 47.
42
What is the remainder when 20001 is divided by 910?
891
Calculate the remainder when 1325 is divided by 58.
49
What is the remainder when 5139 is divided by 113?
54
What is the remainder when 13696 is divided by 260?
176
Calculate the remainder when 1366 is divided by 88.
46
Calculate the remainder when 84502 is divided by 125.
2
Calculate the remainder when 76759 is divided by 19186.
15
Calculate the remainder when 626414 is divided by 69601.
5
What is the remainder when 63538 is divided by 141?
88
Calculate the remainder when 101004 is divided by 101.
4
Calculate the remainder when 2039591 is divided by 18.
11
What is the remainder when 234935 is divided by 317?
38
Calculate the remainder when 2828 is divided by 2810.
18
Calculate the remainder when 5336 is divided by 157.
155
Calculate the remainder when 18330 is divided by 16.
10
What is the remainder when 7466 is divided by 2201?
863
What is the remainder when 18804 is divided by 79?
2
Calculate the remainder when 13848 is divided by 171.
168
Calculate the remainder when 1227 is divided by 295.
47
What is the remainder when 725441 is divided by 23?
21
What is the remainder when 4441 is divided by 467?
238
Calculate the remainder when 8865 is divided by 385.
10
What is the remainder when 654 is divided by 209?
27
Calculate the remainder when 126264 is divided by 122.
116
What is the remainder when 98592 is divided by 628?
624
What is the remainder when 15911 is divided by 3175?
36
Calculate the remainder when 1789012 is divided by 43.
40
What is the remainder when 97382 is divided by 61?
26
Calculate the remainder when 24338 is divided by 658.
650
Calculate the remainder when 95002 is divided by 754.
752
Calculate the remainder when 2823 is divided by 386.
121
What is the remainder when 992 is divided by 138?
26
Calculate the remainder when 1610 is divided by 265.
20
Calculate the remainder when 12291 is divided by 40.
11
Calculate the remainder when 1258 is divided by 20.
18
Calculate the remainder when 204304 is divided by 147.
121
Calculate the remainder when 98598 is divided by 330.
258
Calculate the remainder when 7498 is divided by 679.
29
What is the remainder when 174245 is divided by 85?
80
What is the remainder when 3035 is divided by 233?
6
Calculate the remainder when 26908 is divided by 427.
7
Calculate the remainder when 20239 is divided by 4836.
895
What is the remainder when 107438 is divided by 26?
6
Calculate the remainder when 2378 is divided by 884.
610
What is the remainder when 38559 is divided by 302?
205
What is the remainder when 104202 is divided by 104?
98
Calculate the remainder when 42976 is divided by 39.
37
What is the remainder when 461057 is divided by 138?
137
What is the remainder when 39092 is divided by 381?
230
Calculate the remainder when 24687 is divided by 90.
27
Calculate the remainder when 1657 is divided by 181.
28
What is the remainder when 78537 is divided by 4908?
9
Calculate the remainder when 3016336 is divided by 20.
16
What is the remainder when 58904 is divided by 3925?
29
What is the remainder when 410168 is divided by 399?
395
Calculate the remainder when 7708 is divided by 2566.
10
Calculate the remainder when 325642 is divided by 78.
70
What is the remainder when 54445 is divided by 27219?
7
What is the remainder when 3137 is divided by 1257?
623
Calculate the remainder when 9396 is divided by 1834.
226
What is the remainder when 5531 is divided by 393?
29
Calculate the remainder when 1732523 is divided by 1181.
1177
Calculate the remainder when 80453 is divided by 22.
21
Calculate the remainder when 1001 is divided by 426.
149
What is the remainder when 196539 is divided by 61?
58
What is the remainder when 25056 is divided by 70?
66
What is the remainder when 1086 is divided by 29?
13
What is the remainder when 12265 is divided by 1112?
33
Calculate the remainder when 5662 is divided by 143.
85
What is the remainder when 9476 is divided by 79?
75
What is the remainder when 101999 is divided by 101979?
20
Calculate the remainder when 17228 is divided by 8.
4
What is the remainder when 119979 is divided by 57?
51
Calculate the remainder when 513 is divided by 89.
68
Calculate the remainder when 29882 is divided by 14.
6
What is the remainder when 914605 is divided by 673?
671
What is the remainder when 408100 is divided by 1166?
0
What is the remainder when 19511 is divided by 241?
231
What is the remainder when 355379 is divided by 248?
243
What is the remainder when 147761 is divided by 24?
17
Calculate the remainder when 7958738 is divided by 43.
40
What is the remainder when 4417 is divided by 260?
257
Calculate the remainder when 9520 is divided by 127.
122
What is the remainder when 258324 is divided by 98?
94
What is the remainder when 9072 is divided by 84?
0
Calculate the remainder when 7559 is divided by 1237.
137
What is the remainder when 7340 is divided by 371?
291
Calculate the remainder when 44816 is divided by 830.
826
Calculate the remainder when 4995 is divided by 70.
25
What is the remainder when 148 is divided by 146?
2
What is the remainder when 1674269 is divided by 243?
242
What is the remainder when 3049250 is divided by 166?
162
What is the remainder when 6335 is divided by 82?
21
What is the remainder when 221820 is divided by 7?
4
What is the remainder when 4781253 is divided by 24?
21
Calculate the remainder when 37303 is divided by 12419.
46
Calculate the remainder when 2302 is divided by 1149.
4
What is the remainder when 2021 is divided by 864?
293
What is the remainder when 2971 is divided by 1398?
175
What is the remainder when 8173 is divided by 742?
11
Calculate the remainder when 12157 is divided by 3979.
220
What is the remainder when 35092 is divided by 6?
4
Calculate the remainder when 58769 is divided by 13.
9
What is the remainder when 19907 is divided by 3313?
29
Calculate the remainder when 3031 is divided by 340.
311
Calculate the remainder when 58929 is divided by 4209.
3
What is the remainder when 219865 is divided by 263?
260
What is the remainder when 638927 is divided by 108?
107
What is the remainder when 121316 is divided by 5?
1
What is the remainder when 27123 is divided by 119?
110
What is the remainder when 10344 is divided by 3153?
885
Calculate the remainder when 56082 is divided by 9.
3
What is the remainder when 11033 is divided by 233?
82
Calculate the remainder when 108926 is divided by 64.
62
What is the remainder when 5318 is divided by 89?
67
Calculate the remainder when 9721 is divided by 336.
313
Calculate the remainder when 84545 is divided by 313.
35
Calculate the remainder when 1713838 is divided by 12.
10
Calculate the remainder when 4927 is divided by 1193.
155
What is the remainder when 837638 is divided by 76148?
10
Calculate the remainder when 4352 is divided by 31.
12
What is the remainder when 3671 is divided by 3?
2
What is the remainder when 53132 is divided by 7586?
30
What is the remainder when 94010 is divided by 364?
98
Calculate the remainder when 5186 is divided by 94.
16
Calculate the remainder when 138683 is divided by 26.
25
Calculate the remainder when 12063 is divided by 1320.
183
Calculate the remainder when 9843 is divided by 1965.
18
Calculate the remainder when 31159 is divided by 172.
27
Calculate the remainder when 51673 is divided by 184.
153
Calculate the remainder when 1928 is divided by 631.
35
What is the remainder when 1332 is divided by 75?
57
What is the remainder when 42033 is divided by 31?
28
What is the remainder when 1529 is divided by 1516?
13
Calculate the remainder when 3443 is divided by 93.
2
What is the remainder when 1479 is divided by 254?
209
What is the remainder when 200 is divided by 174?
26
What is the remainder when 16000 is divided by 320?
0
Calculate the remainder when 1968 is divided by 439.
212
Calculate the remainder when 4437 is divided by 279.
252
What is the remainder when 67998 is divided by 57?
54
What is the remainder when 1729 is divided by 52?
13
What is the remainder when 13600 is d